{"id":50,"date":"2019-07-17T09:49:50","date_gmt":"2019-07-17T09:49:50","guid":{"rendered":"http:\/\/cafe-ruhrblick.ruhr\/?page_id=50"},"modified":"2024-02-08T15:38:51","modified_gmt":"2024-02-08T15:38:51","slug":"kaffee-und-kuchen","status":"publish","type":"page","link":"https:\/\/cafe-ruhrblick.ruhr\/?page_id=50","title":{"rendered":"Kaffee, Kuchen &#038; Fr\u00fchst\u00fcck"},"content":{"rendered":"<div class=\"wp-block-image\">\n<figure class=\"alignleft\"><img loading=\"lazy\" decoding=\"async\" width=\"300\" height=\"200\" src=\"https:\/\/cafe-ruhrblick.ruhr\/wp-content\/uploads\/2019\/07\/cake-1839134_1920-300x200.jpg\" alt=\"\" class=\"wp-image-54\" srcset=\"https:\/\/cafe-ruhrblick.ruhr\/wp-content\/uploads\/2019\/07\/cake-1839134_1920-300x200.jpg 300w, https:\/\/cafe-ruhrblick.ruhr\/wp-content\/uploads\/2019\/07\/cake-1839134_1920-768x512.jpg 768w, https:\/\/cafe-ruhrblick.ruhr\/wp-content\/uploads\/2019\/07\/cake-1839134_1920-1024x683.jpg 1024w, https:\/\/cafe-ruhrblick.ruhr\/wp-content\/uploads\/2019\/07\/cake-1839134_1920.jpg 1920w\" sizes=\"auto, (max-width: 300px) 100vw, 300px\" \/><\/figure>\n<\/div>\n\n<div class=\"wp-block-image\">\n<figure class=\"alignleft\"><img loading=\"lazy\" decoding=\"async\" width=\"300\" height=\"200\" src=\"https:\/\/cafe-ruhrblick.ruhr\/wp-content\/uploads\/2019\/07\/breakfast-876432_1920-2-e1563443818655-300x200.jpg\" alt=\"\" class=\"wp-image-55\" srcset=\"https:\/\/cafe-ruhrblick.ruhr\/wp-content\/uploads\/2019\/07\/breakfast-876432_1920-2-e1563443818655-300x200.jpg 300w, https:\/\/cafe-ruhrblick.ruhr\/wp-content\/uploads\/2019\/07\/breakfast-876432_1920-2-e1563443818655-768x512.jpg 768w, https:\/\/cafe-ruhrblick.ruhr\/wp-content\/uploads\/2019\/07\/breakfast-876432_1920-2-e1563443818655-1024x683.jpg 1024w, https:\/\/cafe-ruhrblick.ruhr\/wp-content\/uploads\/2019\/07\/breakfast-876432_1920-2-e1563443818655.jpg 1920w\" sizes=\"auto, (max-width: 300px) 100vw, 300px\" \/><\/figure>\n<\/div>\n\n\n<p> Genie\u00dfen Sie in unserem Caf\u00e9 bei wunderbarer Aussicht Kaffee und Kuchen. Wir backen direkt nebenan jeden Tag f\u00fcr Sie. Von Omas gedecktem Apfelkuchen bis zur Sahnetorte haben wir alles, was das Herz begehrt.  Daneben erhalten Sie bei uns auch ein reichhaltiges und frisches  Fr\u00fchst\u00fcck. Neben knackfrischen Br\u00f6tchen direkt aus unserer Backstube  k\u00f6nnen Sie sich auch R\u00fchrei mit Speck und einen Orangensaft schmecken  lassen. <\/p>\n\n\n\n<h2 class=\"wp-block-heading\">Unsere Karte<\/h2>\n\n\n\n<figure class=\"wp-block-table\"><table><tbody><tr><td>Ruhrblick<\/td><td>3 gem. Br\u00f6tchen, Aufschnitt, K\u00e4se, Marmelade, Nutella, Honig, 1 Pott Kaffee<\/td><td>10,90 \u20ac<\/td><\/tr><tr><td>Ruhrblickchen<\/td><td>2 gem.Br\u00f6tchen, Aufschnitt, K\u00e4se, 1 Pott Kaffee<\/td><td>8,90 \u20ac<\/td><\/tr><tr><td>Alles K\u00e4se<\/td><td>2 gem. Br\u00f6tchen, K\u00e4seauswahl, 1 Pott Kaffee<\/td><td>8,90 \u20ac<\/td><\/tr><tr><td>das S\u00fc\u00dfe<\/td><td>2 gem. Br\u00f6tchen, selbstgemachte Marmelade, Nutella, Honig, 1 Pott Kaffee<\/td><td>8,90 \u20ac<\/td><\/tr><tr><td>auf die Schnelle<\/td><td>2 halbe einfache Br\u00f6tchen nach Wahl belegt, 1 Pott Kaffee<\/td><td>7,90 \u20ac<\/td><\/tr><tr><td>Schlemmer<\/td><td>3 gem. Br\u00f6tchen, Aufschnitt, K\u00e4se, Marmelade, Nutella, Honig, Lachs, R\u00fchrei, 1 Glas Sekt, Kaffee-Flat<\/td><td>16,90 \u20ac<\/td><\/tr><\/tbody><\/table><figcaption class=\"wp-element-caption\">dazu bestellen k\u00f6nnen Sie&#8230;&#8230;&#8230;&#8230;..<\/figcaption><\/figure>\n\n\n\n<figure class=\"wp-block-table\"><table><tbody><tr><td>Portion R\u00fchrei mit einer Scheibe Tagesbrot<\/td><td>4,50 \u20ac<\/td><\/tr><tr><td>verfeinert wahlweise mit rohem Schinken, Kochschinken, K\u00e4se, Tomaten<\/td><td>1,50 \u20ac<\/td><\/tr><tr><td>2 Spiegeleier an Brot<\/td><td>4,00 \u20ac<\/td><\/tr><tr><td>1 gekochtes Ei<\/td><td>1,50 \u20ac<\/td><\/tr><tr><td>Vaihinger O-Saft 0,2l Flasche<\/td><td>3,20 \u20ac<\/td><\/tr><tr><td>1 Glas Sekt\/Prosecco<\/td><td>3,90 \u20ac<\/td><\/tr><tr><td>K\u00e4nnchen Kaffee<\/td><td>4,90 \u20ac<\/td><\/tr><tr><td>Tasse Kaffee<\/td><td>2,90 \u20ac<\/td><\/tr><tr><td>Pott Kaffee<\/td><td>3,90 \u20ac<\/td><\/tr><tr><td>Glas Tee<\/td><td>2,90 \u20ac<\/td><\/tr><tr><td>K\u00e4nnchen Tee<\/td><td>5,30 \u20ac<\/td><\/tr><tr><td>Cappuccino<\/td><td>3,90 \u20ac<\/td><\/tr><tr><td>Latte Macchiato<\/td><td>3,90 \u20ac<\/td><\/tr><tr><td>Milchkaffee<\/td><td>3,90 \u20ac<\/td><\/tr><tr><td>Espresso<\/td><td>2,10 \u20ac<\/td><\/tr><tr><td>Schokolade<\/td><td>3,90 \u20ac<\/td><\/tr><tr><td>Chocciato (Schokolade mit Espresso)<\/td><td>3,90 \u20ac<\/td><\/tr><tr><td>Pharis\u00e4er<\/td><td>5,90 \u20ac<\/td><\/tr><tr><td>Mineralwasser 0,25l<\/td><td>2,90 \u20ac<\/td><\/tr><tr><td>Mineralwasser 0,7l<\/td><td>5,90 \u20ac<\/td><\/tr><tr><td>Cola\/Fanta\/Sprite 0,25l<\/td><td>3,20 \u20ac<\/td><\/tr><tr><td>O-Saft 0,2l<\/td><td>3,20 \u20ac<\/td><\/tr><tr><td>Traubenschorle 0,33l<\/td><td>3,20 \u20ac<\/td><\/tr><tr><td>Apfelschorle 0,25l<\/td><td>3,20 \u20ac<\/td><\/tr><tr><td>Rhabarberschorle 0,33l<\/td><td>3,20 \u20ac<\/td><\/tr><tr><td>Stauder Pils 0,3l<\/td><td>3,20 \u20ac<\/td><\/tr><tr><td>Frankenheim Alt 0,3l<\/td><td>3,20 \u20ac<\/td><\/tr><tr><td>alkoholfreies Stauder Pils 0,3l<\/td><td>3,20 \u20ac<\/td><\/tr><tr><td>Kimmle Wei\u00dfburgunder 0,2l<\/td><td>4,90 \u20ac<\/td><\/tr><tr><td>Kimmle Burgunder 0,2l<\/td><td>4,90 \u20ac<\/td><\/tr><tr><td>1 Glas Sekt\/Prosecco 0,2l<\/td><td>3,90 \u20ac<\/td><\/tr><tr><td>1 Piccolo Sekt\/Prosecco<\/td><td>5,90 \u20ac<\/td><\/tr><tr><td>Spirituosen auf Anfrage<\/td><td>3,20 \u20ac<\/td><\/tr><\/tbody><\/table><\/figure>\n","protected":false},"excerpt":{"rendered":"<div class=\"entry-summary\">\nGenie\u00dfen Sie in unserem Caf\u00e9 bei wunderbarer Aussicht Kaffee und Kuchen. Wir&hellip;\n<\/div>\n<div class=\"link-more\"><a href=\"https:\/\/cafe-ruhrblick.ruhr\/?page_id=50\" class=\"more-link\">Continue reading<span class=\"screen-reader-text\"> &ldquo;Kaffee, Kuchen &#038; Fr\u00fchst\u00fcck&rdquo;<\/span>&hellip;<\/a><\/div>\n","protected":false},"author":1,"featured_media":0,"parent":0,"menu_order":0,"comment_status":"closed","ping_status":"closed","template":"","meta":{"_monsterinsights_skip_tracking":false,"_monsterinsights_sitenote_active":false,"_monsterinsights_sitenote_note":"","_monsterinsights_sitenote_category":0,"footnotes":""},"class_list":["post-50","page","type-page","status-publish","hentry","entry"],"yoast_head":"<!-- This site is optimized with the Yoast SEO plugin v27.4 - https:\/\/yoast.com\/product\/yoast-seo-wordpress\/ -->\n<title>Kaffee, Kuchen &amp; Fr\u00fchst\u00fcck - Caf\u00e9 Ruhrblick<\/title>\n<meta name=\"robots\" content=\"index, follow, max-snippet:-1, max-image-preview:large, max-video-preview:-1\" \/>\n<link rel=\"canonical\" href=\"https:\/\/cafe-ruhrblick.ruhr\/?page_id=50\" \/>\n<meta property=\"og:locale\" content=\"de_DE\" \/>\n<meta property=\"og:type\" content=\"article\" \/>\n<meta property=\"og:title\" content=\"Kaffee, Kuchen &amp; Fr\u00fchst\u00fcck - Caf\u00e9 Ruhrblick\" \/>\n<meta property=\"og:description\" content=\"Genie\u00dfen Sie in unserem Caf\u00e9 bei wunderbarer Aussicht Kaffee und Kuchen. Wir&hellip; Continue reading &ldquo;Kaffee, Kuchen &#038; Fr\u00fchst\u00fcck&rdquo;&hellip;\" \/>\n<meta property=\"og:url\" content=\"https:\/\/cafe-ruhrblick.ruhr\/?page_id=50\" \/>\n<meta property=\"og:site_name\" content=\"Caf\u00e9 Ruhrblick\" \/>\n<meta property=\"article:modified_time\" content=\"2024-02-08T15:38:51+00:00\" \/>\n<meta property=\"og:image\" content=\"http:\/\/cafe-ruhrblick.ruhr\/wp-content\/uploads\/2019\/07\/cake-1839134_1920-300x200.jpg\" \/>\n<meta name=\"twitter:card\" content=\"summary_large_image\" \/>\n<meta name=\"twitter:label1\" content=\"Gesch\u00e4tzte Lesezeit\" \/>\n\t<meta name=\"twitter:data1\" content=\"3\u00a0Minuten\" \/>\n<script type=\"application\/ld+json\" class=\"yoast-schema-graph\">{\"@context\":\"https:\\\/\\\/schema.org\",\"@graph\":[{\"@type\":\"WebPage\",\"@id\":\"https:\\\/\\\/cafe-ruhrblick.ruhr\\\/?page_id=50\",\"url\":\"https:\\\/\\\/cafe-ruhrblick.ruhr\\\/?page_id=50\",\"name\":\"Kaffee, Kuchen & Fr\u00fchst\u00fcck - Caf\u00e9 Ruhrblick\",\"isPartOf\":{\"@id\":\"https:\\\/\\\/cafe-ruhrblick.ruhr\\\/#website\"},\"primaryImageOfPage\":{\"@id\":\"https:\\\/\\\/cafe-ruhrblick.ruhr\\\/?page_id=50#primaryimage\"},\"image\":{\"@id\":\"https:\\\/\\\/cafe-ruhrblick.ruhr\\\/?page_id=50#primaryimage\"},\"thumbnailUrl\":\"http:\\\/\\\/cafe-ruhrblick.ruhr\\\/wp-content\\\/uploads\\\/2019\\\/07\\\/cake-1839134_1920-300x200.jpg\",\"datePublished\":\"2019-07-17T09:49:50+00:00\",\"dateModified\":\"2024-02-08T15:38:51+00:00\",\"breadcrumb\":{\"@id\":\"https:\\\/\\\/cafe-ruhrblick.ruhr\\\/?page_id=50#breadcrumb\"},\"inLanguage\":\"de\",\"potentialAction\":[{\"@type\":\"ReadAction\",\"target\":[\"https:\\\/\\\/cafe-ruhrblick.ruhr\\\/?page_id=50\"]}]},{\"@type\":\"ImageObject\",\"inLanguage\":\"de\",\"@id\":\"https:\\\/\\\/cafe-ruhrblick.ruhr\\\/?page_id=50#primaryimage\",\"url\":\"http:\\\/\\\/cafe-ruhrblick.ruhr\\\/wp-content\\\/uploads\\\/2019\\\/07\\\/cake-1839134_1920-300x200.jpg\",\"contentUrl\":\"http:\\\/\\\/cafe-ruhrblick.ruhr\\\/wp-content\\\/uploads\\\/2019\\\/07\\\/cake-1839134_1920-300x200.jpg\"},{\"@type\":\"BreadcrumbList\",\"@id\":\"https:\\\/\\\/cafe-ruhrblick.ruhr\\\/?page_id=50#breadcrumb\",\"itemListElement\":[{\"@type\":\"ListItem\",\"position\":1,\"name\":\"Startseite\",\"item\":\"https:\\\/\\\/cafe-ruhrblick.ruhr\\\/\"},{\"@type\":\"ListItem\",\"position\":2,\"name\":\"Kaffee, Kuchen &#038; Fr\u00fchst\u00fcck\"}]},{\"@type\":\"WebSite\",\"@id\":\"https:\\\/\\\/cafe-ruhrblick.ruhr\\\/#website\",\"url\":\"https:\\\/\\\/cafe-ruhrblick.ruhr\\\/\",\"name\":\"Caf\u00e9 Ruhrblick\",\"description\":\"Genie\u00dfen mit guter Aussicht\",\"publisher\":{\"@id\":\"https:\\\/\\\/cafe-ruhrblick.ruhr\\\/#organization\"},\"potentialAction\":[{\"@type\":\"SearchAction\",\"target\":{\"@type\":\"EntryPoint\",\"urlTemplate\":\"https:\\\/\\\/cafe-ruhrblick.ruhr\\\/?s={search_term_string}\"},\"query-input\":{\"@type\":\"PropertyValueSpecification\",\"valueRequired\":true,\"valueName\":\"search_term_string\"}}],\"inLanguage\":\"de\"},{\"@type\":\"Organization\",\"@id\":\"https:\\\/\\\/cafe-ruhrblick.ruhr\\\/#organization\",\"name\":\"Caf\u00e9 Ruhrblick\",\"url\":\"https:\\\/\\\/cafe-ruhrblick.ruhr\\\/\",\"logo\":{\"@type\":\"ImageObject\",\"inLanguage\":\"de\",\"@id\":\"https:\\\/\\\/cafe-ruhrblick.ruhr\\\/#\\\/schema\\\/logo\\\/image\\\/\",\"url\":\"https:\\\/\\\/cafe-ruhrblick.ruhr\\\/wp-content\\\/uploads\\\/2019\\\/07\\\/cropped-branding.png\",\"contentUrl\":\"https:\\\/\\\/cafe-ruhrblick.ruhr\\\/wp-content\\\/uploads\\\/2019\\\/07\\\/cropped-branding.png\",\"width\":153,\"height\":97,\"caption\":\"Caf\u00e9 Ruhrblick\"},\"image\":{\"@id\":\"https:\\\/\\\/cafe-ruhrblick.ruhr\\\/#\\\/schema\\\/logo\\\/image\\\/\"}}]}<\/script>\n<!-- \/ Yoast SEO plugin. -->","yoast_head_json":{"title":"Kaffee, Kuchen & Fr\u00fchst\u00fcck - Caf\u00e9 Ruhrblick","robots":{"index":"index","follow":"follow","max-snippet":"max-snippet:-1","max-image-preview":"max-image-preview:large","max-video-preview":"max-video-preview:-1"},"canonical":"https:\/\/cafe-ruhrblick.ruhr\/?page_id=50","og_locale":"de_DE","og_type":"article","og_title":"Kaffee, Kuchen & Fr\u00fchst\u00fcck - Caf\u00e9 Ruhrblick","og_description":"Genie\u00dfen Sie in unserem Caf\u00e9 bei wunderbarer Aussicht Kaffee und Kuchen. Wir&hellip; Continue reading &ldquo;Kaffee, Kuchen &#038; Fr\u00fchst\u00fcck&rdquo;&hellip;","og_url":"https:\/\/cafe-ruhrblick.ruhr\/?page_id=50","og_site_name":"Caf\u00e9 Ruhrblick","article_modified_time":"2024-02-08T15:38:51+00:00","og_image":[{"url":"http:\/\/cafe-ruhrblick.ruhr\/wp-content\/uploads\/2019\/07\/cake-1839134_1920-300x200.jpg","type":"","width":"","height":""}],"twitter_card":"summary_large_image","twitter_misc":{"Gesch\u00e4tzte Lesezeit":"3\u00a0Minuten"},"schema":{"@context":"https:\/\/schema.org","@graph":[{"@type":"WebPage","@id":"https:\/\/cafe-ruhrblick.ruhr\/?page_id=50","url":"https:\/\/cafe-ruhrblick.ruhr\/?page_id=50","name":"Kaffee, Kuchen & Fr\u00fchst\u00fcck - Caf\u00e9 Ruhrblick","isPartOf":{"@id":"https:\/\/cafe-ruhrblick.ruhr\/#website"},"primaryImageOfPage":{"@id":"https:\/\/cafe-ruhrblick.ruhr\/?page_id=50#primaryimage"},"image":{"@id":"https:\/\/cafe-ruhrblick.ruhr\/?page_id=50#primaryimage"},"thumbnailUrl":"http:\/\/cafe-ruhrblick.ruhr\/wp-content\/uploads\/2019\/07\/cake-1839134_1920-300x200.jpg","datePublished":"2019-07-17T09:49:50+00:00","dateModified":"2024-02-08T15:38:51+00:00","breadcrumb":{"@id":"https:\/\/cafe-ruhrblick.ruhr\/?page_id=50#breadcrumb"},"inLanguage":"de","potentialAction":[{"@type":"ReadAction","target":["https:\/\/cafe-ruhrblick.ruhr\/?page_id=50"]}]},{"@type":"ImageObject","inLanguage":"de","@id":"https:\/\/cafe-ruhrblick.ruhr\/?page_id=50#primaryimage","url":"http:\/\/cafe-ruhrblick.ruhr\/wp-content\/uploads\/2019\/07\/cake-1839134_1920-300x200.jpg","contentUrl":"http:\/\/cafe-ruhrblick.ruhr\/wp-content\/uploads\/2019\/07\/cake-1839134_1920-300x200.jpg"},{"@type":"BreadcrumbList","@id":"https:\/\/cafe-ruhrblick.ruhr\/?page_id=50#breadcrumb","itemListElement":[{"@type":"ListItem","position":1,"name":"Startseite","item":"https:\/\/cafe-ruhrblick.ruhr\/"},{"@type":"ListItem","position":2,"name":"Kaffee, Kuchen &#038; Fr\u00fchst\u00fcck"}]},{"@type":"WebSite","@id":"https:\/\/cafe-ruhrblick.ruhr\/#website","url":"https:\/\/cafe-ruhrblick.ruhr\/","name":"Caf\u00e9 Ruhrblick","description":"Genie\u00dfen mit guter Aussicht","publisher":{"@id":"https:\/\/cafe-ruhrblick.ruhr\/#organization"},"potentialAction":[{"@type":"SearchAction","target":{"@type":"EntryPoint","urlTemplate":"https:\/\/cafe-ruhrblick.ruhr\/?s={search_term_string}"},"query-input":{"@type":"PropertyValueSpecification","valueRequired":true,"valueName":"search_term_string"}}],"inLanguage":"de"},{"@type":"Organization","@id":"https:\/\/cafe-ruhrblick.ruhr\/#organization","name":"Caf\u00e9 Ruhrblick","url":"https:\/\/cafe-ruhrblick.ruhr\/","logo":{"@type":"ImageObject","inLanguage":"de","@id":"https:\/\/cafe-ruhrblick.ruhr\/#\/schema\/logo\/image\/","url":"https:\/\/cafe-ruhrblick.ruhr\/wp-content\/uploads\/2019\/07\/cropped-branding.png","contentUrl":"https:\/\/cafe-ruhrblick.ruhr\/wp-content\/uploads\/2019\/07\/cropped-branding.png","width":153,"height":97,"caption":"Caf\u00e9 Ruhrblick"},"image":{"@id":"https:\/\/cafe-ruhrblick.ruhr\/#\/schema\/logo\/image\/"}}]}},"_links":{"self":[{"href":"https:\/\/cafe-ruhrblick.ruhr\/index.php?rest_route=\/wp\/v2\/pages\/50","targetHints":{"allow":["GET"]}}],"collection":[{"href":"https:\/\/cafe-ruhrblick.ruhr\/index.php?rest_route=\/wp\/v2\/pages"}],"about":[{"href":"https:\/\/cafe-ruhrblick.ruhr\/index.php?rest_route=\/wp\/v2\/types\/page"}],"author":[{"embeddable":true,"href":"https:\/\/cafe-ruhrblick.ruhr\/index.php?rest_route=\/wp\/v2\/users\/1"}],"replies":[{"embeddable":true,"href":"https:\/\/cafe-ruhrblick.ruhr\/index.php?rest_route=%2Fwp%2Fv2%2Fcomments&post=50"}],"version-history":[{"count":8,"href":"https:\/\/cafe-ruhrblick.ruhr\/index.php?rest_route=\/wp\/v2\/pages\/50\/revisions"}],"predecessor-version":[{"id":375,"href":"https:\/\/cafe-ruhrblick.ruhr\/index.php?rest_route=\/wp\/v2\/pages\/50\/revisions\/375"}],"wp:attachment":[{"href":"https:\/\/cafe-ruhrblick.ruhr\/index.php?rest_route=%2Fwp%2Fv2%2Fmedia&parent=50"}],"curies":[{"name":"wp","href":"https:\/\/api.w.org\/{rel}","templated":true}]}}